{"id":45,"date":"2025-05-29T11:58:34","date_gmt":"2025-05-29T11:58:34","guid":{"rendered":"http:\/\/localhost:8888\/?page_id=45"},"modified":"2025-05-29T12:03:01","modified_gmt":"2025-05-29T12:03:01","slug":"proiecte","status":"publish","type":"page","link":"https:\/\/pogonesti.ro\/index.php\/proiecte\/","title":{"rendered":"Proiecte"},"content":{"rendered":"\n<p><strong>OBIECTIVE GENERALE<\/strong><\/p>\n\n\n\n<p>Principalele obiective ale strategiei de dezvoltare local\u0103 a comunei Pogonesti sunt:<\/p>\n\n\n\n<ul class=\"wp-block-list\">\n<li>Asigurarea \u00a0condi\u021biilor \u00a0pentru \u00a0crearea \u00a0unor \u00a0activit\u0103\u021bi \u00a0rentabile \u00a0\u00een \u00a0zootehnie, agricultur\u0103-\u00een special cultura cire\u0219elor, vi\u0219inilor \u0219i vi\u021bei de vie;<\/li>\n\n\n\n<li>Protejarea mediului prin conformarea progresiv\u0103 cu standardele de mediu din Uniunea European\u0103 pe care Rom\u00e2nia va trebui s \u0103 le ating\u0103 \u00een totalitate;<\/li>\n\n\n\n<li>Optimizarea sistemului de s\u0103n\u0103tate \u0219i protec\u021bie social\u0103 \u00een comun\u0103;<\/li>\n\n\n\n<li>Garantarea accesului ne\u00eengr\u0103dit al popula\u021biei \u0219i al consumatorilor economici la infrastructur\u0103 (ap\u0103, canalizare, distribu\u021bie gaze, c\u0103i de transport, telefonie);<\/li>\n\n\n\n<li>Reabilitarea \u0219i modernizarea \u0219colilor conform standardelor europene;<\/li>\n\n\n\n<li>Luarea de m\u0103suri pentru excluderile sociale, a \u00eenl\u0103tur\u0103rii dezechilibrelor sociale \u0219i cre\u0219terea ratei de ocupare prin creerea de noi oportunit\u0103\u021bi investi\u021bionale.<\/li>\n<\/ul>\n\n\n\n<p><\/p>\n","protected":false},"excerpt":{"rendered":"<p>OBIECTIVE GENERALE Principalele obiective ale strategiei de dezvoltare local\u0103 a comunei Pogonesti sunt:<\/p>\n","protected":false},"author":1,"featured_media":0,"parent":0,"menu_order":0,"comment_status":"closed","ping_status":"closed","template":"","meta":{"neve_meta_sidebar":"","neve_meta_container":"","neve_meta_enable_content_width":"","neve_meta_content_width":0,"neve_meta_title_alignment":"center","neve_meta_author_avatar":"","neve_post_elements_order":"","neve_meta_disable_header":"","neve_meta_disable_footer":"","neve_meta_disable_title":"","footnotes":""},"class_list":["post-45","page","type-page","status-publish","hentry"],"_links":{"self":[{"href":"https:\/\/pogonesti.ro\/index.php\/wp-json\/wp\/v2\/pages\/45","targetHints":{"allow":["GET"]}}],"collection":[{"href":"https:\/\/pogonesti.ro\/index.php\/wp-json\/wp\/v2\/pages"}],"about":[{"href":"https:\/\/pogonesti.ro\/index.php\/wp-json\/wp\/v2\/types\/page"}],"author":[{"embeddable":true,"href":"https:\/\/pogonesti.ro\/index.php\/wp-json\/wp\/v2\/users\/1"}],"replies":[{"embeddable":true,"href":"https:\/\/pogonesti.ro\/index.php\/wp-json\/wp\/v2\/comments?post=45"}],"version-history":[{"count":2,"href":"https:\/\/pogonesti.ro\/index.php\/wp-json\/wp\/v2\/pages\/45\/revisions"}],"predecessor-version":[{"id":54,"href":"https:\/\/pogonesti.ro\/index.php\/wp-json\/wp\/v2\/pages\/45\/revisions\/54"}],"wp:attachment":[{"href":"https:\/\/pogonesti.ro\/index.php\/wp-json\/wp\/v2\/media?parent=45"}],"curies":[{"name":"wp","href":"https:\/\/api.w.org\/{rel}","templated":true}]}}