{"id":62,"date":"2025-05-29T15:13:17","date_gmt":"2025-05-29T15:13:17","guid":{"rendered":"http:\/\/localhost:8888\/?page_id=62"},"modified":"2025-06-02T19:36:53","modified_gmt":"2025-06-02T19:36:53","slug":"hotarari-ale-consiliului-local","status":"publish","type":"page","link":"https:\/\/pogonesti.ro\/index.php\/hotarari-ale-consiliului-local\/","title":{"rendered":"Hotarari ale consiliului local"},"content":{"rendered":"\n<figure class=\"wp-block-table is-style-stripes\"><table class=\"has-fixed-layout\"><tbody><tr><td><a target=\"_blank\" href=\"\/wp-content\/uploads\/2025\/media\/hcl\/HCL-nr.-1-2021-privind-revocarea-unor-Hotarari-ale-Consiliului-local-Pogonesti.pdf\" rel=\"noreferrer noopener\">HCL nr. 1-2021 privind revocarea unor Hotarari ale Consiliului local Pogonesti<\/a><\/td><\/tr><tr><td><a target=\"_blank\" href=\"\/wp-content\/uploads\/2025\/media\/hcl\/hg1_2019.pdf\" rel=\"noreferrer noopener\">H O T \u0102 R \u00c2 R E A Nr. 1 pentru aprobarea planului de ac\u0163iuni \u015fi lucr\u0103ri de interes local pentru anul 2019 \u015fi stabilirea situa\u0163iilor \u00een care se pot acorda ajutoare de urgen\u0163\u0103<\/a><\/td><\/tr><tr><td><a target=\"_blank\" href=\"\/wp-content\/uploads\/2025\/media\/hcl\/hcl2_2019.pdf\" rel=\"noreferrer noopener\">H O T \u0102 R \u00c2 R E A Nr. 2 privind stabilirea salariilor de baz\u0103 pentru func\u0163ionarii publici \u015fi personalul contractual din cadrul aparatului de specialitate al primarului comunei Pogone\u015fti, jud. Vaslui<\/a><\/td><\/tr><tr><td><a target=\"_blank\" href=\"\/wp-content\/uploads\/2025\/media\/hcl\/h-o-t-a-r-a-r-e-a-nr-3.pdf\" rel=\"noreferrer noopener\">H O T \u0102 R \u00c2 R E A Nr. 3 privind aprobarea re\u0163elei \u015fcolare a unit\u0103\u0163ilor de \u00eenv\u0103\u0163\u0103m\u00e2nt preuniversitar de pe raza UAT Pogone\u015fti pentru anul \u015fcolar 2019-2020<\/a><\/td><\/tr><tr><td><a target=\"_blank\" href=\"\/wp-content\/uploads\/2025\/media\/hcl\/h-o-t-a-r-a-r-e-a-nr-4.pdf\" rel=\"noreferrer noopener\">H O T \u0102 R \u00c2 R E A Nr. 4 privind aprobarea Intelegerii de Cooperare \u00eentre comuna Pogonesti , jude\u0163ul Vaslui din Rom\u00e2nia \u015fi satul Popeasca Raionul Stefan Voda din Republica Moldova<\/a><\/td><\/tr><tr><td><a target=\"_blank\" href=\"\/wp-content\/uploads\/2025\/media\/hcl\/h-o-t-a-r-a-r-e-a-nr-5.pdf\" rel=\"noreferrer noopener\">H O T \u0102 R \u00c2 R E A Nr. 5 privind aprobarea actualizarii taxei speciale de salubrizare pentru anul 2019<\/a><\/td><\/tr><tr><td><a target=\"_blank\" href=\"\/wp-content\/uploads\/2025\/media\/hcl\/h-o-t-a-r-a-r-e-a-nr-6.pdf\" rel=\"noreferrer noopener\">H O T \u0102 R \u00c2 R E A Nr. 6 privind aprobarea elaborarii amenajamentului pastoral al comunei Pogonesti<\/a><\/td><\/tr><tr><td><a target=\"_blank\" href=\"\/wp-content\/uploads\/2025\/media\/hcl\/h-o-t-a-r-a-r-e-a-nr-7.pdf\" rel=\"noreferrer noopener\">H O T \u0102 R \u00c2 R E A Nr. 7 privind alegerea presedintelui de \u015fedin\u0163\u0103 pentru lunile februarie, martie si april 2019<\/a><\/td><\/tr><tr><td><a target=\"_blank\" href=\"\/wp-content\/uploads\/2025\/media\/hcl\/HOTARAREA-NR-8.pdf\" rel=\"noreferrer noopener\">HOTARAREA NR 8 privind aprobarea \u00eenchirierii prin atribuire direct\u0103 a paji\u015ftilor aflate \u00een proprietate privat\u0103 a comunei Pogonesti, jude\u021bul Vaslui<\/a><\/td><\/tr><tr><td><a target=\"_blank\" href=\"\/wp-content\/uploads\/2025\/media\/hcl\/HOTARAREA-NR-9.pdf\" rel=\"noreferrer noopener\">HOTARAREA NR 9 privind aderarea comunei Pogonesti la Asocia\u0163ia Comunelor din Rom\u00e2nia<\/a><\/td><\/tr><tr><td><a target=\"_blank\" href=\"\/wp-content\/uploads\/2025\/media\/hcl\/HOTARAREA-NR.-10.pdf\" rel=\"noreferrer noopener\">HOTARAREA NR. 10 privind \u00eensu\u015firea Acordului de cooperare privind organizarea \u015fi exercitarea activit\u0103\u021bii de audit public intern<\/a><\/td><\/tr><tr><td><a target=\"_blank\" href=\"\/wp-content\/uploads\/2025\/media\/hcl\/HOTARAREA-NR.11.pdf\" rel=\"noreferrer noopener\">HOTARAREA NR.11 privind aprobarea programului de masuri pentru intretinerea drumurilor de interes local;<\/a><\/td><\/tr><tr><td><a target=\"_blank\" href=\"\/wp-content\/uploads\/2025\/media\/hcl\/HOTARAREA-NR-12.pdf\" rel=\"noreferrer noopener\">HOTARAREA NR 12 privind aprobarea indicatorilor tehnico-economici actualizati conform O.U.G. 114\/2018 ai investi\u0163iei \u201eInfiintare retea de canalizare in comuna Pogonesti judetul Vaslui\u201d<\/a><\/td><\/tr><tr><td><a target=\"_blank\" href=\"\/wp-content\/uploads\/2025\/media\/hcl\/HOTARAREA-NR.-13.pdf\" rel=\"noreferrer noopener\">HOTARAREA NR. 13 privind aprobarea indicatorilor tehnico-economici actualizati conform O.U.G. 114\/2018 ai investi\u0163iei \u201eAmenajare podete in comuna Pogonesti judetul Vaslui\u201d<\/a><\/td><\/tr><tr><td><a target=\"_blank\" href=\"\/wp-content\/uploads\/2025\/media\/hcl\/HOTARAREA-NR.-14.pdf\" rel=\"noreferrer noopener\">HOTARAREA NR. 14 privind aprobarea prelungirii termenului de valabilitate al Planului Urbanistic General al comunei Pogonesti<\/a><\/td><\/tr><tr><td><a target=\"_blank\" href=\"\/wp-content\/uploads\/2025\/media\/hcl\/HOTARARE-NR-15.pdf\" rel=\"noreferrer noopener\">HOTARARE NR 15 privind \u00eencetarea de drept , prin demisie, a mandatului de consilier al domnului Andrei Dumitru<\/a><\/td><\/tr><tr><td><a target=\"_blank\" href=\"\/wp-content\/uploads\/2025\/media\/hcl\/HOTARARE-NR-16.pdf\" rel=\"noreferrer noopener\">HOTARARE NR 16 privind stabilirea numarului de posturi pentru asisten\u0163ii personali ai persoanelor cu handicap pentru anul 2019<\/a><\/td><\/tr><tr><td><a target=\"_blank\" href=\"\/wp-content\/uploads\/2025\/media\/hcl\/HOTARARE-NR-17.pdf\" rel=\"noreferrer noopener\">HOTARARE NR 17 privind aprobarea execu\u0163iei bugetare aferente trimestrelor III \u015fi IV, anul 2018<\/a><\/td><\/tr><tr><td><a target=\"_blank\" href=\"\/wp-content\/uploads\/2025\/media\/hcl\/ANEXA-1-HCL-17.pdf\" rel=\"noreferrer noopener\">ANEXA 1 HCL 17<\/a><\/td><\/tr><tr><td><a target=\"_blank\" href=\"\/wp-content\/uploads\/2025\/media\/hcl\/ANEXA-2-HCL-17.pdf\" rel=\"noreferrer noopener\">ANEXA 2 HCL 17<\/a><\/td><\/tr><tr><td><a target=\"_blank\" href=\"\/wp-content\/uploads\/2025\/media\/hcl\/HOTARARE-NR-18.pdf\" rel=\"noreferrer noopener\">HOTARARE NR 18 privind darea in folosinta gratuita a suprafe\u0163ei de 6.40 mp teren, apartinand domeniului public al Comunei Pogonesti, catre DELGAZ \u2013 GRID S.A<\/a><\/td><\/tr><tr><td><a target=\"_blank\" href=\"\/wp-content\/uploads\/2025\/media\/hcl\/HOTARAREA-NR-19privind-validarea-mandatului-de-consilier-al-domnului-Cretu-Vasile.pdf\" rel=\"noreferrer noopener\">HOTARAREA NR 19 privind validarea mandatului de consilier al domnului Cretu Vasile<\/a><\/td><\/tr><tr><td><a target=\"_blank\" href=\"\/wp-content\/uploads\/2025\/media\/hcl\/hotararea-nr-21privind-desemnarea-reprezentantului-consiliului-local-al-comunei-pogonesti.pdf\" rel=\"noreferrer noopener\">hOTARAREA NR 21 privind desemnarea reprezentantului Consiliului local al comunei Pogone\u0219ti<\/a><\/td><\/tr><tr><td><a target=\"_blank\" href=\"\/wp-content\/uploads\/2025\/media\/hcl\/hotararea-nr-23privind-cheltuirea-excedentului-bugetar-la-venituri-proprii-la-sfarsitul-anului-2018.pdf\" rel=\"noreferrer noopener\">HOTARAREA NR 23 privind cheltuirea excedentului bugetar la venituri proprii la sf\u00e2r\u015fitul anului 2018<\/a><\/td><\/tr><tr><td><a target=\"_blank\" href=\"\/wp-content\/uploads\/2025\/media\/hcl\/HOTARAREA-NR-24.pdf\" rel=\"noreferrer noopener\">HOTARAREA NR 24 privind modificarea Hotararii Consiliului Local din data de 05.07.2016 privind<\/a><\/td><\/tr><tr><td><a target=\"_blank\" href=\"\/wp-content\/uploads\/2025\/media\/hcl\/Hotararea-nr-20.pdf\" rel=\"noreferrer noopener\">Hotararea nr 20<\/a><\/td><\/tr><tr><td><a target=\"_blank\" href=\"\/wp-content\/uploads\/2025\/media\/hcl\/Hotararea-nr-22.pdf\" rel=\"noreferrer noopener\">Hotararea nr 22<\/a><\/td><\/tr><tr><td><a target=\"_blank\" href=\"\/wp-content\/uploads\/2025\/media\/hcl\/HOTARAREA-NR-26-1.pdf\" rel=\"noreferrer noopener\">HOTARAREA NR 26 alegerea presedintelui de sedinta<\/a><\/td><\/tr><tr><td><a target=\"_blank\" href=\"\/wp-content\/uploads\/2025\/media\/hcl\/HOTARAREA-NR-27.pdf\" rel=\"noreferrer noopener\">HOTARAREA NR 27 privind adoptarea bugetului local pentru anul 2019<\/a><\/td><\/tr><tr><td><a target=\"_blank\" href=\"\/wp-content\/uploads\/2025\/media\/hcl\/HCL-nr-28-privind-rectificarea-bugetului-local-etapa-mai-2019.pdf\" rel=\"noreferrer noopener\">HCL nr 28 privind rectificarea bugetului local, etapa mai 2019<\/a><\/td><\/tr><tr><td><a target=\"_blank\" href=\"\/wp-content\/uploads\/2025\/media\/hcl\/HCL-nr-29-executia-bugetara-trimestrul-I-2019.pdf\" rel=\"noreferrer noopener\">HCL nr 29 executia bugetara trimestrul I 2019<\/a><\/td><\/tr><tr><td><a target=\"_blank\" href=\"\/wp-content\/uploads\/2025\/media\/hcl\/HCL-nr-30-scoaterea-din-evidentele-fiscale-amenzi-persoane-dece.pdf\" rel=\"noreferrer noopener\">HCL nr 30 scoaterea din evidentele fiscale amenzi persoane dece<\/a><\/td><\/tr><tr><td><a target=\"_blank\" href=\"\/wp-content\/uploads\/2025\/media\/hcl\/HOTARARE-VALIDARE-PRIMAR.pdf\" rel=\"noreferrer noopener\">HOTARARE VALIDARE PRIMAR<\/a><\/td><\/tr><\/tbody><\/table><\/figure>\n","protected":false},"excerpt":{"rendered":"<p>HCL nr. 1-2021 privind revocarea unor Hotarari ale Consiliului local Pogonesti H O T \u0102 R \u00c2 R E A Nr. 1 pentru aprobarea planului de ac\u0163iuni \u015fi lucr\u0103ri de interes local pentru anul 2019 \u015fi stabilirea situa\u0163iilor \u00een care se pot acorda ajutoare de urgen\u0163\u0103 H O T \u0102 R \u00c2 R E A&hellip;&nbsp;<a href=\"https:\/\/pogonesti.ro\/index.php\/hotarari-ale-consiliului-local\/\" rel=\"bookmark\"><span class=\"screen-reader-text\">Hotarari ale consiliului local<\/span><\/a><\/p>\n","protected":false},"author":1,"featured_media":0,"parent":0,"menu_order":0,"comment_status":"closed","ping_status":"closed","template":"","meta":{"neve_meta_sidebar":"default","neve_meta_container":"","neve_meta_enable_content_width":"","neve_meta_content_width":70,"neve_meta_title_alignment":"center","neve_meta_author_avatar":"","neve_post_elements_order":"","neve_meta_disable_header":"","neve_meta_disable_footer":"","neve_meta_disable_title":"off","footnotes":""},"class_list":["post-62","page","type-page","status-publish","hentry"],"_links":{"self":[{"href":"https:\/\/pogonesti.ro\/index.php\/wp-json\/wp\/v2\/pages\/62","targetHints":{"allow":["GET"]}}],"collection":[{"href":"https:\/\/pogonesti.ro\/index.php\/wp-json\/wp\/v2\/pages"}],"about":[{"href":"https:\/\/pogonesti.ro\/index.php\/wp-json\/wp\/v2\/types\/page"}],"author":[{"embeddable":true,"href":"https:\/\/pogonesti.ro\/index.php\/wp-json\/wp\/v2\/users\/1"}],"replies":[{"embeddable":true,"href":"https:\/\/pogonesti.ro\/index.php\/wp-json\/wp\/v2\/comments?post=62"}],"version-history":[{"count":7,"href":"https:\/\/pogonesti.ro\/index.php\/wp-json\/wp\/v2\/pages\/62\/revisions"}],"predecessor-version":[{"id":331,"href":"https:\/\/pogonesti.ro\/index.php\/wp-json\/wp\/v2\/pages\/62\/revisions\/331"}],"wp:attachment":[{"href":"https:\/\/pogonesti.ro\/index.php\/wp-json\/wp\/v2\/media?parent=62"}],"curies":[{"name":"wp","href":"https:\/\/api.w.org\/{rel}","templated":true}]}}