{"id":83,"date":"2025-05-29T15:42:21","date_gmt":"2025-05-29T15:42:21","guid":{"rendered":"http:\/\/localhost:8888\/?page_id=83"},"modified":"2026-02-25T12:47:43","modified_gmt":"2026-02-25T12:47:43","slug":"asistenta-sociala","status":"publish","type":"page","link":"https:\/\/pogonesti.ro\/index.php\/asistenta-sociala\/","title":{"rendered":"Asistenta sociala"},"content":{"rendered":"\n<figure class=\"wp-block-table is-style-stripes\"><table class=\"has-fixed-layout\"><tbody><tr><td><a href=\"\/wp-content\/uploads\/2025\/media\/asistenta-sociala\/ACORDAREA_TRUSOURI_NOU_NASCUTI.docx\" target=\"_blank\" rel=\"noreferrer noopener\">ACORDAREA DE TRUSOURI PENTRU NOU-N\u0102SCU\u021aI<\/a><\/td><\/tr><tr><td><a href=\"\/wp-content\/uploads\/2025\/media\/asistenta-sociala\/ACORDAREA_PACHETE_IGIENA.docx\" target=\"_blank\" rel=\"noreferrer noopener\">ACORDAREA DE PACHETE CU PRODUSE DE IGIEN\u0102 \u00ceN CADRUL POAD 2018-2020<\/a><\/td><\/tr><tr><td><a href=\"\/wp-content\/uploads\/2025\/media\/asistenta-sociala\/ACORDAREA_AJUTOARE_ALIMENTARE.docx\" target=\"_blank\" rel=\"noreferrer noopener\">ACORDAREA DE PACHETE CU AJUTOARE ALIMENTARE \u00ceN CADRUL POAD 2018 \u2013 2021<\/a><\/td><\/tr><tr><td><a href=\"\/wp-content\/uploads\/2026\/asistenta-sociala\/Anexa1-2.PDF\" target=\"_blank\" rel=\"noreferrer noopener\">SCRISOARE INFORMATIVA CU PRIVIRE LA MASURILE SOCIALE<\/a><\/td><\/tr><\/tbody><\/table><\/figure>\n\n\n\n<p><\/p>\n","protected":false},"excerpt":{"rendered":"<p>ACORDAREA DE TRUSOURI PENTRU NOU-N\u0102SCU\u021aI ACORDAREA DE PACHETE CU PRODUSE DE IGIEN\u0102 \u00ceN CADRUL POAD 2018-2020 ACORDAREA DE PACHETE CU AJUTOARE ALIMENTARE \u00ceN CADRUL POAD 2018 \u2013 2021 SCRISOARE INFORMATIVA CU PRIVIRE LA MASURILE SOCIALE<\/p>\n","protected":false},"author":1,"featured_media":0,"parent":0,"menu_order":0,"comment_status":"closed","ping_status":"closed","template":"","meta":{"neve_meta_sidebar":"","neve_meta_container":"","neve_meta_enable_content_width":"","neve_meta_content_width":0,"neve_meta_title_alignment":"center","neve_meta_author_avatar":"","neve_post_elements_order":"","neve_meta_disable_header":"","neve_meta_disable_footer":"","neve_meta_disable_title":"","footnotes":""},"class_list":["post-83","page","type-page","status-publish","hentry"],"_links":{"self":[{"href":"https:\/\/pogonesti.ro\/index.php\/wp-json\/wp\/v2\/pages\/83","targetHints":{"allow":["GET"]}}],"collection":[{"href":"https:\/\/pogonesti.ro\/index.php\/wp-json\/wp\/v2\/pages"}],"about":[{"href":"https:\/\/pogonesti.ro\/index.php\/wp-json\/wp\/v2\/types\/page"}],"author":[{"embeddable":true,"href":"https:\/\/pogonesti.ro\/index.php\/wp-json\/wp\/v2\/users\/1"}],"replies":[{"embeddable":true,"href":"https:\/\/pogonesti.ro\/index.php\/wp-json\/wp\/v2\/comments?post=83"}],"version-history":[{"count":3,"href":"https:\/\/pogonesti.ro\/index.php\/wp-json\/wp\/v2\/pages\/83\/revisions"}],"predecessor-version":[{"id":424,"href":"https:\/\/pogonesti.ro\/index.php\/wp-json\/wp\/v2\/pages\/83\/revisions\/424"}],"wp:attachment":[{"href":"https:\/\/pogonesti.ro\/index.php\/wp-json\/wp\/v2\/media?parent=83"}],"curies":[{"name":"wp","href":"https:\/\/api.w.org\/{rel}","templated":true}]}}